nds digit of 47719?
4
What is the thousands digit of 6352?
6
What is the tens digit of 167814?
1
What is the tens digit of 853?
5
What is the thousands digit of 8662?
8
What is the hundreds digit of 6338?
3
What is the hundreds digit of 11730?
7
What is the ten thousands digit of 36924?
3
What is the ten thousands digit of 122048?
2
What is the tens digit of 1586?
8
What is the tens digit of 17033?
3
What is the hundreds digit of 30890?
8
What is the tens digit of 2061?
6
What is the thousands digit of 2986?
2
What is the units digit of 2755?
5
What is the hundreds digit of 606?
6
What is the hundreds digit of 722?
7
What is the tens digit of 680?
8
What is the units digit of 49059?
9
What is the tens digit of 89817?
1
What is the units digit of 569?
9
What is the units digit of 1657?
7
What is the thousands digit of 3892?
3
What is the hundreds digit of 90888?
8
What is the hundreds digit of 4149?
1
What is the units digit of 6785?
5
What is the hundreds digit of 6789?
7
What is the units digit of 26312?
2
What is the units digit of 554?
4
What is the hundreds digit of 68888?
8
What is the units digit of 643?
3
What is the tens digit of 1483?
8
What is the thousands digit of 1276?
1
What is the tens digit of 81?
8
What is the tens digit of 6683?
8
What is the thousands digit of 13829?
3
What is the units digit of 1611?
1
What is the units digit of 66548?
8
What is the tens digit of 1935?
3
What is the units digit of 106?
6
What is the ten thousands digit of 11804?
1
What is the hundreds digit of 2642?
6
What is the units digit of 573?
3
What is the thousands digit of 9253?
9
What is the ten thousands digit of 17866?
1
What is the thousands digit of 5425?
5
What is the hundreds digit of 30344?
3
What is the thousands digit of 13858?
3
What is the tens digit of 58153?
5
What is the tens digit of 19746?
4
What is the hundreds digit of 13627?
6
What is the thousands digit of 7253?
7
What is the units digit of 952?
2
What is the tens digit of 4467?
6
What is the units digit of 51501?
1
What is the units digit of 22304?
4
What is the units digit of 1555?
5
What is the units digit of 117251?
1
What is the hundreds digit of 465?
4
What is the tens digit of 4470?
7
What is the hundreds digit of 46807?
8
What is the hundreds digit of 750?
7
What is the units digit of 4141?
1
What is the tens digit of 4810?
1
What is the units digit of 30290?
0
What is the ten thousands digit of 38044?
3
What is the ten thousands digit of 11049?
1
What is the tens digit of 882?
8
What is the units digit of 556?
6
What is the thousands digit of 27441?
7
What is the thousands digit of 8697?
8
What is the units digit of 14488?
8
What is the thousands digit of 134974?
4
What is the thousands digit of 4576?
4
What is the hundreds digit of 104991?
9
What is the tens digit of 22395?
9
What is the tens digit of 74254?
5
What is the tens digit of 22095?
9
What is the tens digit of 676?
7
What is the units digit of 7754?
4
What is the hundreds digit of 18454?
4
What is the hundreds digit of 63041?
0
What is the thousands digit of 2743?
2
What is the hundreds digit of 48764?
7
What is the hundreds digit of 1136?
1
What is the tens digit of 5496?
9
What is the hundreds digit of 7301?
3
What is the tens digit of 88528?
2
What is the thousands digit of 2366?
2
What is the tens digit of 24742?
4
What is the tens digit of 22662?
6
What is the tens digit of 292?
9
What is the hundreds digit of 728?
7
What is the hundreds digit of 996?
9
What is the thousands digit of 5342?
5
What is the ten thousands digit of 12864?
1
What is the tens digit of 1690?
9
What is the units digit of 24660?
0
What is the ten thousands digit of 99361?
9
What is the thousands digit of 9770?
9
What is the tens digit of 10841?
4
What is the hundreds digit of 615?
6
What is the thousands digit of 72541?
2
What is the tens digit of 91658?
5
What is the thousands digit of 6515?
6
What is the units digit of 389?
9
What is the ten thousands digit of 12009?
1
What is the units digit of 1536?
6
What is the thousands digit of 5285?
5
What is the tens digit of 639?
3
What is the tens digit of 108?
0
What is the hundreds digit of 2879?
8
What is the thousands digit of 19949?
9
What is the units digit of 1757?
7
What is the units digit of 196?
6
What is the hundreds digit of 4019?
0
What is the hundreds digit of 2809?
8
What is the thousands digit of 12505?
2
What is the tens digit of 3651?
5
What is the tens digit of 16419?
1
What is the tens digit of 1368?
6
What is the tens digit of 35?
3
What is the thousands digit of 14475?
4
What is the hundreds digit of 2270?
2
What is the tens digit of 131?
3
What is the tens digit of 727?
2
What is the units digit of 1015?
5
What is the thousands digit of 2646?
2
What is the hundreds digit of 971?
9
What is the thousands digit of 1328?
1
What is the tens digit of 57919?
1
What is the hundred thousands digit of 185896?
1
What is the tens digit of 1231?
3
What is the thousands digit of 4564?
4
What is the units digit of 1511?
1
What is the thousands digit of 3247?
3
What is the thousands digit of 2626?
2
What is the ten thousands digit of 26037?
2
What is the units digit of 4545?
5
What is the units digit of 5277?
7
What is the thousands digit of 3788?
3
What is the ten thousands digit of 22943?
2
What is the units digit of 973?
3
What is the units digit of 4602?
2
What is the ten thousands digit of 54658?
5
What is the thousands digit of 2924?
2
What is the hundreds digit of 58946?
9
What is the tens digit of 182?
8
What is the hundreds digit of 7771?
7
What is the units digit of 6840?
0
What is the units digit of 2381?
1
What is the hundreds digit of 506?
5
What is the tens digit of 158?
5
What is the hundreds digit of 6234?
2
What is the thousands digit of 1851?
1
What is the ten thousands digit of 11662?
1
What is the thousands digit of 5474?
5
What is the ten thousands digit of 16781?
1
What is the hundreds digit of 2950?
9
What is the tens digit of 715?
1
What is the units digit of 3127?
7
What is the tens digit of 25836?
3
What is the tens digit of 9250?
5
What is the tens digit of 1349?
4
What is the units digit of 30508?
8
What is the hundreds digit of 120634?
6
What is the tens digit of 3672?
7
What is the units digit of 5137?
7
What is the ten thousands digit of 29472?
2
What is the thousands digit of 55403?
5
What is the units digit of 13201?
1
What is the units digit of 1003?
3
What is the units digit of 739?
9
What is the tens digit of 904?
0
What is the hundreds digit of 863?
8
What is the hundreds digit of 54774?
7
What is the tens digit of 836?
3
What is the tens digit of 394?
9
What is the tens digit of 30137?
3
What is the tens digit of 105?
0
What is the hundreds digit of 2253?
2
What is the tens digit of 3476?
7
What is the thousands digit of 5876?
5
What is the hundreds digit of 8581?
5
What is the tens digit of 10799?
9
What is the thousands digit of 1253?
1
What is the tens digit of 574?
7
What is the tens digit of 82?
8
What is the thousands digit of 73724?
3
What is the units digit of 184?
4
What is the hundreds digit of 790?
7
What is the units digit of 30234?
4
What is the hundreds digit of 1329?
3
What is the tens digit of 788?
8
What is the thousands digit of 163037?
3
What is the units digit of 9512?
2
What is the thousands digit of 41861?
1
What is the ten thousands digit of 22588?
2
What is the thousands digit of 3314?
3
What is the units digit of 43077?
7
What is the hundreds digit of 11165?
1
What is the thousands digit of 1057?
1
What is the units digit of 27251?
1
What is the hundreds digit of 1775?
7
What is the thousands digit of 81309?
1
What is the thousands digit of 114589?
4
What is the hundreds digit of 2306?
3
What is the units digit of 46809?
9
What is the units digit of 821?
1
What is the hundreds digit of 1721?
7
What is the units digit of 17876?
6
What is the thousands digit of 3256?
3
What is the hundreds digit of 1720?
7
What is the thousands digit of 5486?
5
What is the tens digit of 2815?
1
What is the thousands digit of 37702?
7
What is the units digit of 415?
5
What is the thousands digit of 1072?
1
What is the thousands digit of 105955?
5
What is the hundreds digit of 4256?
2
What is the thousands digit of 1123?
1
What is t